remainder when g is divided by j.
0
Suppose 6*v + 13136 - 2147 = 33*v. What is the remainder when 7729 is divided by v?
403
Let o(b) = b. Let v(i) = 7*i + 19. Let z(d) = 22*o(d) - 2*v(d). What is the remainder when z(9) is divided by 18?
16
Suppose -12*m + 901 = 217. Calculate the remainder when 70 is divided by m.
13
What is the remainder when ((-11457)/18)/(((-18)/27)/(16/6)) is divided by 52?
50
Let a = -343 + 359. Suppose a*b + 5*b - 42 = 0. What is the remainder when 21 is divided by b?
1
Calculate the remainder when ((14 + -37)*-33)/((-1)/(4/(-6))) is divided by 52.
38
What is the remainder when 64328/72 + 84/(-189) is divided by 220?
13
Suppose 36 = -14*g + 18*g. Let a(t) = 160*t**3 + 4*t**2 + 11*t - 14. What is the remainder when a(1) is divided by g?
8
Let t = -1115 - -1645. What is the remainder when t is divided by 91?
75
Suppose 4*u + 6 = 18. Suppose 5*g - u*p = 5, 0 = -5*p + 4*p + 5. What is the remainder when 68/10 - (-2 + (-9)/(-5)) is divided by g?
3
Let w(s) = s**3 + 9*s**2 - 11*s + 10. Let x be w(-9). Suppose -33 + x = -4*d. Let z = d - -28. What is the remainder when 26 is divided by z?
8
Suppose -4*d + 510 + 402 = 0. Let n = d - 216. What is the remainder when 88 is divided by n?
4
Suppose 0 = -4*n - 4*g + 1148, 4*n = g - 178 + 1336. Calculate the remainder when n is divided by 33.
25
Let f = -85 - -59. Let h(s) = -4 - 5 + s**3 - 6*s - 2*s**2 + 28*s**2 + 0*s**3. Calculate the remainder when h(f) is divided by 25.
22
Let k = 397 + -914. Calculate the remainder when 183 is divided by (k/(-44))/(1*1/4).
42
Let s = -10 - -13. Suppose 0 = -s*y + 140 + 529. Suppose 10*z - 1403 = -y. Calculate the remainder when z is divided by 15.
13
Suppose -196*o - 6 = -193*o, -p - 3*o + 27 = 0. Calculate the remainder when 207 is divided by p.
9
Suppose 3*h - 6 = 2*u, -6*u + 2 = -8*u + h. Suppose -2*a + 89 = 2*v - 5*v, -5*a - 5*v + 260 = u. What is the remainder when 95 is divided by a?
46
Let r = 42 - 33. Suppose r = h - 4. Suppose -5 = 3*z + 3*i - 20, -3*i = -z + h. Calculate the remainder when 48 is divided by z.
6
Let g(a) = 2*a**2 + 5*a + 33. Let c be g(16). Suppose 11*f = 178 + c. What is the remainder when 286 is divided by f?
67
Suppose -86*f = 11*f - 5044. Calculate the remainder when 249 is divided by f.
41
Let v(x) = -x**2 + 27*x - 121. Let b be v(21). Suppose b*n + 22*n = 135. What is the remainder when 50 is divided by n?
0
Suppose -1064 = 56*r - 63*r. Let x = 13 - 8. Suppose r = 2*z + 4*n, 0 = z - 5*z - x*n + 292. Calculate the remainder when z is divided by 24.
20
Let t(y) = y**2 + y - 4. Let r be t(-5). Suppose 0*b + b = r. Suppose -433*f + 15382 + 10598 = 0. Calculate the remainder when f is divided by b.
12
Let x = 3289 - 3105. Calculate the remainder when x is divided by 45.
4
Let p(h) = 2*h + 7. Let d be p(-2). Suppose 3*g + d*c - 153 = 6*c, 1 = -c. Calculate the remainder when g is divided by 620/24 + (-4)/(-24).
24
What is the remainder when 188 is divided by 0 + -13 - (-119 - -26)?
28
Suppose 3*n - 450 = -2*v, 1222 = 4*v + 4*n + 330. Let f = v - 214. What is the remainder when f is divided by 3?
2
Suppose 0 = i - 5, 0 = 5*g - 6*i + 2*i. Suppose f = -4*y - 0*f - 16, -g*y - 16 = -2*f. Calculate the remainder when 107 is divided by 4*1*216/(-64)*y.
53
Suppose -284 = -18*k + 14*k. Suppose -3*p = 5 - k. Calculate the remainder when 64 is divided by p.
20
Suppose 4*p = 12*p - 464. Let m = p - 120. Let a = m + 68. What is the remainder when 11 is divided by a?
5
Let v be 38/(-5) + 24/40. Let w(c) = -12*c + 29. Let o be w(v). Let a = -76 + o. What is the remainder when a is divided by 15?
7
What is the remainder when 1123 is divided by 25252/3186 + 2/27?
3
Suppose m - 5 + 2 = 5*w, -5*w - 6 = -2*m. Suppose 3*f - 34 = -2*b - f, -3*b + 5*f + 51 = 0. What is the remainder when b is divided by m?
2
Suppose -53 = -2*d + 21. Let a be (-33)/(-110) + (-354)/(-20). Let l = d - a. Calculate the remainder when l is divided by 10.
9
Let d be 0 - (2 - (-3 - (1 + -66))). Let j(u) = -7*u - 44. Let o be j(-7). What is the remainder when d/3 + (o - 4) is divided by 4?
1
Suppose -n - 271 = -5*d, 0 = 3*n - 8*n + 20. Let m = 184 + 23. Calculate the remainder when m is divided by d.
42
Let y be 62/(2/(5 - 3)). Suppose s + 0*x = -4*x + 28, -3*s - x + y = 0. What is the remainder when 399 is divided by s?
19
Calculate the remainder when 88 is divided by ((-4728)/(-66) - 17) + 4/11.
33
Let c(g) = -2*g**2 - 28*g - 78. Calculate the remainder when (1140/(-9))/(2/(-3)) is divided by c(-9).
10
Let r be (6/(3 + -9))/(2/(-8)). Suppose 0 = r*b, 25 = n - 4*b - 26. Calculate the remainder when 508 is divided by n.
49
Suppose 4*l - 8*l = 92. Let c(f) = -6*f - 27. Calculate the remainder when c(-15) is divided by l/(-2) - 21/(-14).
11
Let q(a) = -2*a**3 + 6*a**2 - a + 33. Calculate the remainder when 494 is divided by q(3).
14
Let v(p) = -68*p - 379. Let y(h) = h + 12. Let l be y(-18). What is the remainder when 67 is divided by v(l)?
9
What is the remainder when 182 is divided by -25 + 157 - 5 - (5 + (-1)/(-1))?
61
What is the remainder when -7 - -1291 - 0/(-2)*(-2)/6 is divided by 5?
4
Suppose 43*m - 149*m = 155*m - 522. What is the remainder when 735 is divided by m?
1
Let c(g) = -g + 13. Let z be c(4). Suppose 5*w = -15, -n + 5*n - 3*w = 149. Calculate the remainder when n is divided by (0 + -14)*(-10)/105*z.
11
Let o be -1 - (-7 - 1) - -3. Suppose -4*m - 39 = 61. Calculate the remainder when 59 is divided by 102/5 + 0 + o/m.
19
Suppose 0 = -2*a - 88*x + 92*x + 96, a = 5*x + 42. Calculate the remainder when 623 is divided by a.
51
Suppose 0 = 2*b - 6, b - 3*b - 69 = -5*p. Suppose 4*z + 3*h + 28 = 87, 0 = z + h - p. Let l = -143 - -148. What is the remainder when z is divided by l?
4
Suppose 0 = 73*t - 222166 - 74433. Calculate the remainder when t is divided by 15.
13
Let y(h) = -5*h**2 - 132*h - 152. What is the remainder when 373 is divided by y(-25)?
5
Let m = -21 + 53. Let i(b) = -3*b**2 + 3*b - 28. Let s(u) = u**2 + 1. Let h(l) = -i(l) - 4*s(l). What is the remainder when m is divided by h(-6)?
2
Suppose 205*z = 318*z - 1017. Suppose 0*n - n = 0. Let a = n + 5. What is the remainder when z is divided by a?
4
Suppose -3*x + 4*x + 5*n = -10, -x - 15 = 4*n. Let v = -33 - x. What is the remainder when 13059/81 + v/(-9) is divided by 33?
29
Let u(i) = 2*i + 31. Let z be u(-11). Suppose 0 = m + 4*p + z - 47, 32 = 2*m - 3*p. Suppose 7*l - m = 6. Calculate the remainder when 19 is divided by l.
3
Suppose -5*n - 29*d + 6406 = -26*d, d = -4*n + 5122. What is the remainder when n is divided by 424?
8
What is the remainder when (-176)/560*-5*77*1 is divided by ((-31)/(-2))/(1/2)?
28
Let t(p) = 8*p - 45. Suppose -5*b + 10 = 5*i, 3*b = -4*i + 8*b - 10. Suppose -7*x + 129 + 4 = i. What is the remainder when t(x) is divided by 37?
33
Let k(d) = -d**3 + 17*d**2 - 12*d + 31. What is the remainder when k(9) is divided by 58?
49
Suppose -4*x + 56 = 4*g, -3*x + 35 - 12 = 2*g. Suppose 791 = g*d + 297. Calculate the remainder when 122 is divided by d.
18
Let a(c) = c**3 + 11*c**2 - 26*c + 6. Let v be a(-13). Suppose -v*o + o = -65. Let s(p) = 11*p - 29. Calculate the remainder when s(o) is divided by 29.
27
Suppose -49 = 3*h - 4*f, 0*f - 70 = 5*h + 5*f. Suppose 2*l - 8 = 6. Calculate the remainder when 6/h + (-2106)/(-65) is divided by l.
4
Suppose z = 3*j - 13, 4*z = -0*j - j. Suppose 29 = j*p - 3. Let y(c) = c**2 + 15*c - 34. Calculate the remainder when y(-18) is divided by p.
4
Let p(f) = 10*f - 11. Let m be p(-7). Let w be (-12)/8 - m/6. Suppose w*b - 1456 + 364 = 0. What is the remainder when b is divided by 46?
45
Let a(h) = 10*h - 26. Let b be a(3). Suppose -s - b*y + 61 = -1, -5*s + 4*y + 430 = 0. What is the remainder when s is divided by 29?
24
Let r be (56/(-70))/((-8)/1100). Suppose -5*h + r = -5*v, -13*v + 42 = 3*h - 8*v. Let t = -72 - -147. Calculate the remainder when t is divided by h.
18
Suppose 749 = 5*y + 4*r - 1084, -3*y - 2*r = -1099. Calculate the remainder when y is divided by 92.
89
Suppose 8*x = 4*x, 5*z + x = -10. Calculate the remainder when (-1 - (-1)/z)/(126/(-1848)) is divided by 4.
2
Suppose 3*z + 6*g - 1081 = 11*g, z = -4*g + 349. Calculate the remainder when z is divided by 84.
21
Suppose -123*a = -147*a + 10680 - 816. Calculate the remain